hat is the greatest common factor of 42097 and 6823541?
3827
What is the highest common factor of 1007032 and 12857?
299
Calculate the highest common factor of 672 and 92940456.
168
What is the highest common factor of 33254608 and 44336?
2608
What is the greatest common divisor of 3855 and 455108450?
1285
Calculate the highest common factor of 1429 and 477386030.
1429
What is the highest common divisor of 2300 and 23783150?
1150
Calculate the highest common factor of 33933619 and 1745.
349
What is the highest common divisor of 18480 and 36319360?
6160
What is the greatest common factor of 72 and 77410764?
36
Calculate the highest common factor of 142760 and 7180.
20
What is the highest common divisor of 9239596 and 29602?
82
Calculate the highest common factor of 5823846 and 852.
426
What is the highest common divisor of 40 and 58177640?
40
Calculate the highest common factor of 2817581 and 2808.
13
What is the highest common factor of 209532675 and 66?
33
What is the greatest common factor of 644059091 and 10214?
5107
Calculate the greatest common factor of 131880 and 70964.
628
Calculate the greatest common divisor of 305544 and 55308732.
5268
Calculate the highest common divisor of 13528935 and 3465.
315
Calculate the greatest common factor of 14059 and 4352.
17
Calculate the greatest common divisor of 492 and 2335806.
6
What is the highest common factor of 9695 and 170695?
35
Calculate the highest common factor of 1438290 and 350.
70
Calculate the greatest common divisor of 54 and 29637063.
27
Calculate the highest common factor of 2890 and 19422500.
170
Calculate the highest common factor of 9256 and 6397053.
1157
Calculate the highest common divisor of 1815 and 2075271.
363
What is the highest common factor of 29640 and 10980632?
1976
Calculate the highest common divisor of 5962472 and 64.
8
What is the highest common factor of 1398650 and 4950?
550
Calculate the highest common divisor of 180802468 and 2156.
308
What is the highest common divisor of 3540 and 53889420?
3540
What is the highest common divisor of 4183 and 5676509?
89
Calculate the highest common factor of 680 and 23487480.
40
Calculate the greatest common factor of 18031902 and 15582.
294
Calculate the highest common divisor of 1672510 and 1120.
70
Calculate the highest common factor of 137776 and 90976.
16
What is the greatest common divisor of 5687 and 77407?
11
Calculate the greatest common factor of 105578 and 137544.
22
Calculate the greatest common factor of 255 and 162120.
15
What is the highest common factor of 2384 and 65264?
16
What is the highest common factor of 264383 and 3222?
179
Calculate the greatest common divisor of 27166904 and 24.
8
What is the greatest common divisor of 8321 and 1854013?
157
What is the highest common divisor of 2905150 and 20758?
194
What is the greatest common divisor of 215180 and 5830?
530
Calculate the highest common factor of 275783013 and 244.
61
What is the greatest common divisor of 2116719 and 273834?
297
Calculate the highest common factor of 1921472 and 240.
16
Calculate the greatest common divisor of 15850 and 42110.
10
Calculate the greatest common divisor of 85 and 25321670.
85
Calculate the greatest common factor of 828997528 and 8.
8
Calculate the greatest common factor of 101747736 and 152.
152
Calculate the highest common factor of 889179 and 161103.
249
What is the greatest common factor of 703 and 6531573?
703
Calculate the highest common factor of 13012 and 30783139.
3253
Calculate the highest common factor of 84150 and 297900.
450
Calculate the highest common factor of 40252305 and 1380.
15
Calculate the greatest common divisor of 11371751 and 1726.
863
What is the highest common factor of 15371722 and 155?
31
Calculate the highest common factor of 6542133 and 4537.
13
What is the highest common divisor of 24544320 and 220224?
7104
Calculate the greatest common divisor of 3276 and 1831128.
156
Calculate the greatest common factor of 1847043 and 162.
81
What is the highest common divisor of 15741245 and 286?
13
What is the highest common divisor of 29922366 and 582?
582
Calculate the greatest common factor of 206 and 22428250.
206
Calculate the highest common factor of 73315 and 10105.
215
What is the highest common factor of 51469263 and 27?
27
Calculate the highest common factor of 118561767 and 285.
57
What is the highest common factor of 234 and 26495118?
234
Calculate the greatest common factor of 780710 and 789515.
2935
What is the greatest common divisor of 38107177 and 47?
47
What is the highest common divisor of 622488217 and 65?
13
What is the greatest common divisor of 944970 and 55?
5
What is the highest common factor of 5093606 and 112?
14
Calculate the highest common divisor of 10496 and 1490104.
328
What is the greatest common divisor of 20 and 5959864?
4
What is the greatest common factor of 474 and 465831?
3
Calculate the greatest common divisor of 48490511 and 17.
17
Calculate the highest common factor of 41378 and 80274.
34
Calculate the highest common factor of 228704 and 980.
28
What is the highest common factor of 286 and 1518166?
26
Calculate the highest common divisor of 180187284 and 3196.
3196
Calculate the highest common divisor of 15306950 and 1550.
50
What is the greatest common factor of 67340 and 63028?
28
Calculate the highest common divisor of 1291525 and 12825.
475
What is the highest common divisor of 216019 and 109123?
2227
Calculate the highest common divisor of 4850 and 34030.
10
Calculate the greatest common divisor of 10528 and 36904.
56
Calculate the greatest common divisor of 70 and 285928790.
70
What is the highest common divisor of 132 and 2322456?
12
Calculate the highest common factor of 2661500 and 27875.
125
Calculate the highest common divisor of 693745 and 6370.
65
What is the highest common divisor of 1308774 and 11203?
659
What is the greatest common divisor of 1480 and 18921208?
296
Calculate the highest common factor of 5799 and 16449830.
1933
Calculate the highest common divisor of 1629736 and 43632.
808
Calculate the highest common factor of 1948617 and 550638.
2673
Calculate the greatest common factor of 20725 and 1339664.
829
What is the greatest common divisor of 22 and 397330054?
22
Calculate the highest common factor of 10 and 40884640.
10
Calculate the highest common divisor of 2444 and 73336168.
188
What is the greatest common factor of 12560 and 126856?
1256
Calculate the greatest common factor of 3186 and 46634994.
54
Calculate the highest common divisor of 180129037 and 11.
11
What is the highest common factor of 11687 and 12701?
13
What is the greatest common factor of 4038358 and 670?
134
Calculate the highest common divisor of 28 and 798000.
28
Calculate the highest common divisor of 150171336 and 90728.
8248
What is the highest common divisor of 6448 and 18235440?
496
What is the greatest common divisor of 156 and 69684?
12
What is the highest common factor of 307098 and 122526?
54
What is the highest common factor of 1000 and 536875?
125
What is the highest common factor of 708290 and 3460?
10
Calculate the greatest common factor of 665 and 51390535.
665
What is the greatest common divisor of 4081 and 38619658?
77
What is the greatest common divisor of 461 and 4085695019?
461
What is the highest common divisor of 1501540 and 242408?
772
Calculate the highest common factor of 156785 and 1620.
5
Calculate the highest common factor of 13091 and 1462981.
247
Calculate the highest common divisor of 3196848 and 4416.
48
Calculate the highest common factor of 144196 and 11249732.
2444
Calculate the highest common divisor of 6625 and 354625.
125
What is the greatest common factor of 199455973 and 86?
43
What is the greatest common factor of 504008364 and 228?
228
What is the greatest common divisor of 391 and 235957?
23
Calculate the highest common factor of 192 and 534542496.
96
Calculate the highest common factor of 28135 and 39456524.
5627
Calculate the greatest common factor of 5141 and 602273.
97
Calculate the highest common divisor of 152448 and 641664.
384
Calculate the highest common factor of 1816182966 and 78.
78
Calculate the greatest common factor of 144 and 1435692.
12
What is the greatest common divisor of 37161855 and 108?
27
What 